ime number?
False
Let v = 72 - -308. Suppose 5*d = 4*k - v, -3*k + d + 364 = k. Let y = 164 - k. Is y prime?
False
Let j(p) = 1342*p + 821. Is j(23) a prime number?
True
Let o = -2220 + 3966. Suppose o = i + 5*i. Is i composite?
True
Let v(y) = -2*y**2 + 3*y + 18. Let f be v(-14). Let u = 909 + f. Is u a composite number?
True
Let f(t) = t**3 + 10*t**2 + 9*t + 1. Let o be (-260)/(-45) - 2/(-9). Suppose 18 = -3*k - o. Is f(k) a composite number?
True
Let p be ((-5)/(-2))/((-3)/6). Suppose 5*v = -15, 2*v = -3*b + 4*b + 38. Let l = p - b. Is l a prime number?
False
Is (303 - 8) + 0/2 a prime number?
False
Let z(v) = 6 - 17*v - v**2 - 6 + 1 - 13. Let i be z(-16). Suppose 2*t + 5*a = 81, t - i = 4*a + 69. Is t a prime number?
True
Let a = 706 + 381. Is a prime?
True
Suppose 2588 = 5*k - 2522. Suppose -4*a + 2056 = 3*m, -m - 2*m = 2*a - k. Is a a prime number?
False
Let y be ((-30)/(-40))/(2/8). Let v(k) = 77*k**2 - 4*k - 8. Is v(y) prime?
True
Let d(x) be the third derivative of 11*x**6/120 - x**5/30 + x**4/12 + 2*x**3/3 + x**2. Let r be d(-3). Let q = -154 - r. Is q prime?
True
Let o(q) = -q**2 - 4*q + 9. Let j be o(-5). Suppose 3*p + j*v - 5*v = 5843, 3*v + 7784 = 4*p. Is p prime?
True
Suppose 3*z - 198 = -39. Suppose -54*u + z*u = -178. Is u a prime number?
False
Let b(t) = 1255*t + 73. Is b(4) a prime number?
False
Suppose 0 = -5*f - 5, -5*f - 2497 = -2*r + r. Is (-9)/(-6)*r/6 a composite number?
True
Suppose -d = 0, 403 + 3740 = 3*j - 4*d. Suppose 6*n - 5*n - j = 0. Is n a prime number?
True
Let h = 133 - 62. Suppose -3*u + 82 + h = 0. Is u composite?
True
Let k be 13180/50 - ((-6)/(-10) - 1). Let j = -61 + k. Is j a composite number?
True
Let o = 25 + -14. Let t = 3 + o. Suppose -t*h - 115 = -15*h. Is h prime?
False
Let b be (-771)/(-51) - 8/68. Suppose -2*c = 5 - b. Suppose -2*t + 5*j + 966 = j, -c*t + 2424 = -j. Is t prime?
False
Let z(m) = m + 20. Let n be z(0). Suppose j - 4*x = 5*j - 16, -5*x = 2*j - n. Is (-2 - j) + (289 - -4) a composite number?
True
Let v(k) = 19721*k - 6. Is v(1) composite?
True
Is (-18520383)/(-266) + (-5)/2 composite?
False
Suppose -2*f - 2 = -0, 0 = 2*c + 3*f - 3. Let y be (-1)/c*(9 - 9). Suppose a = -y*a + 127. Is a a composite number?
False
Let j(h) = 173*h + 49. Is j(18) composite?
False
Suppose -2*k = -2*a + 34 - 6, 4*a - 16 = 0. Let x(v) = -v**3 - 8*v**2 - v + 7. Is x(k) prime?
False
Let z(s) = 143*s**2 + s - 1. Let j(k) = -k**3 + 4*k**2 + 12*k + 1. Let x be j(6). Is z(x) a prime number?
False
Let u(n) = -4*n**3 + 2*n**2 - n - 1. Let g be u(-6). Let v be 3/1 + (-44)/11 - -5. Suppose 0 = v*m - 2*y - 938, -3*y - g = -2*m - 2*m. Is m composite?
False
Suppose -5*a + 9045 = 5*l, 0 = -l + 4*a + 1034 + 800. Suppose 4*j = 6*j - l. Is j composite?
False
Suppose -257676 = -22*h + 84182. Is h composite?
True
Suppose -b + 4*v + 788 = 0, -5*v - 55 + 1644 = 2*b. Let p = b + 1913. Is p composite?
True
Let x(m) = 4*m**2 + 4*m - 3. Let s be x(2). Is (-4)/(-7) + 4881/s composite?
False
Let a(m) = m - 9. Let i be a(13). Let r(z) = 126*z + 7. Is r(i) prime?
False
Let o(n) = 8*n - 15*n + 14 - 2*n + 34*n**2. Is o(3) prime?
True
Let w(c) = 902*c + 395. Is w(7) composite?
False
Let m = -1052 + 2295. Is m composite?
True
Suppose 0 = 4*j + 158 - 606. Suppose -267 = -5*t - w, 6*t + 2*w = 3*t + 156. Let z = j - t. Is z prime?
False
Let l = -196 - -2117. Is l a prime number?
False
Suppose -180643 = -4*v - 39*v. Is v a composite number?
False
Let h(m) = -m**2 + 5*m - 3. Let p be h(4). Let i(f) = 7*f**2 - 8*f**2 - f**3 - 2 + p - 4*f. Is i(-5) a composite number?
True
Let b = 28834 - 19445. Is b composite?
True
Suppose 4*c - c - 1 = -2*i, i = -5*c - 10. Suppose 5*s + 3*g = 470, -2*s + i*g = -0*s - 157. Suppose -3*q = h - s, 70 = 2*q - 0*h - 4*h. Is q prime?
True
Suppose -202 = -0*l - 2*l. Let o = l + -70. Is o a prime number?
True
Let k(v) = 3*v - 3. Let x be k(1). Suppose 3 = -2*r + 2*y + y, 5*r + 2*y + 17 = x. Is (-1 - 126)/(2 + r) a composite number?
False
Suppose 4*z + w + 12448 = -14329, 0 = 5*w - 15. Let l = -3676 - z. Is l a composite number?
False
Let d(q) = -35691*q + 191. Is d(-4) a prime number?
False
Let t = -1582 + 2238. Suppose -6*o - 182 = -t. Is o a composite number?
False
Suppose -12 = -y - 2*y. Suppose y*o - 10*o + 2022 = 0. Is o a composite number?
False
Suppose -11626 = -7*n + 20777. Is n a composite number?
True
Suppose 4*h - 158988 = -4*o, -h + 3*o + 79474 = h. Is h composite?
True
Let s = -103 + 591. Let w(x) = -2*x**3 + 25*x**2 - 15*x + 39. Let n be w(12). Suppose -s = -n*t + 913. Is t a composite number?
False
Let f(b) = b**3 - 4*b**2 + 5*b - 6. Suppose -3*y - 6 = -5*y. Let m be f(y). Is m/(-4) + 1*233 a composite number?
False
Suppose 3*u - y - 8590 = 0, 0*u + 2*y + 8591 = 3*u. Is u composite?
True
Suppose 5*c = 3*y + 9149, 4*c - 6326 = 3*y + 992. Is c a prime number?
True
Suppose 5*n - 345 = 95. Suppose 3*r - 11 - n = -3*d, -4*d = -2*r - 132. Suppose d = -y - 5*g + 304, -2*g + 1012 = 4*y. Is y a prime number?
True
Let a = 7875 + -5134. Is a composite?
False
Is 22/((-3180)/1068 - -3*1) a prime number?
False
Let c(x) be the second derivative of x**5/20 - 2*x**4/3 + 3*x**3/2 + 7*x**2/2 + 32*x. Suppose 3*k = -0*k + 21. Is c(k) a prime number?
False
Suppose -4*x + 3*x + u = -19, 4*x + 2*u - 52 = 0. Let c be ((-10)/3)/((-5)/x). Is (-4)/(-10) - (-666)/c prime?
True
Suppose -5*j + 140 = 5*l, 3*l - l = 5*j - 154. Is ((-8)/((-48)/j))/(1/29) prime?
False
Suppose -3*s = 5*w - 37444, -4*s - 4*w - 62345 = -9*s. Is s a prime number?
True
Let q = 38 - 1. Let b = q - 12. Suppose -2*u = -u - b. Is u prime?
False
Let i(c) = 1035*c - 723. Is i(10) prime?
False
Let r(o) be the third derivative of 0 + 0*o + 17/60*o**5 + 1/8*o**4 - 2*o**2 + 1/6*o**3. Is r(3) prime?
True
Is (-3)/(-27) + 1552056/108 a prime number?
False
Let d = -64286 + 93093. Is d composite?
False
Let f(z) = 51*z + 2 + 159*z + 1 - 52*z. Is f(1) prime?
False
Let p(v) = 545*v - 98. Is p(24) a prime number?
False
Let x(r) = -r - 3 + r**3 + 4*r**2 + 7 - 4*r. Let w be x(-5). Suppose -5*v - 2*l = -477, -w*v = -0*v - l - 392. Is v composite?
False
Let f = 97 + -93. Suppose u - i - 560 = 0, 0 = f*u - i - 2783 + 552. Is u prime?
True
Let j be 1 + (560 - (-3 - -1)). Let m = j + -304. Suppose -5*o - m = -i, 3*i - 1074 = -i + o. Is i a prime number?
True
Let i be 0*(2 + -3) + 15/(-3). Is 3/((15/(-11))/i) a prime number?
True
Let m = -59 + 61. Is 3 + (302 - (-4 + m)) a composite number?
False
Suppose 82164 = 8*v - 114980. Is v prime?
False
Suppose z + x - 5 = -0*z, -4*z = -5*x - 11. Suppose 18951 = 5*a - 4*k, k = z*k + 12. Is a prime?
False
Is 131091/18 - (2 + 65/(-30)) a prime number?
True
Let f(q) = 237*q**2 - 10*q - 13. Is f(6) a composite number?
True
Is 3 - 1156*42/(-12) a composite number?
False
Let h(d) = 3 - 30*d + 2*d**2 - d**2 + 8*d**2 + 2*d. Is h(10) a prime number?
False
Let i = -13 + 3. Let x = i - -13. Suppose -3*g = -15, -x*g - 217 = 3*m - 910. Is m prime?
False
Let v be (20/25)/((-4)/(-8830)). Suppose 5*y + k = v, -2*k + 1414 = 4*y - 0*y. Is y composite?
False
Let a = -113 - -114. Is (-4738)/(-6)*((-1 - a) + 5) composite?
True
Let f be 2 + 1 - (2 - 4). Suppose -z + k = -187, 3*k - f*k + 730 = 4*z. Suppose 9*q - 4*q = 2*l - z, 2*l = q + 176. Is l a composite number?
True
Is (-1 - 4/(-10)) + 9357536/310 a composite number?
True
Let r be -24*(-6)/9 + -1. Is 139*(r/(-5) + 4) composite?
False
Suppose -904 + 3409 = -5*x. Let i = -198 - x. Is i a prime number?
False
Let u be (502 - -8)/((-3)/2). Let v = 214 + u. Let o = -61 - v. Is o prime?
False
Is 81/54*(3236/(-2))/(-1) composite?
True
Let j(b) = -90*b + 131. Is j(-8) composite?
True
Suppose -6*i + 4*i = 2*z, 0 = -4*z + 3*i + 28. Suppose -3*o + 3 = -4*m, z*m - 2*m + 4*o = 26. Suppose l + j = 5*l - 359, 4*j = m*l - 253. Is l a prime number?
False
Suppose -82808 = 159*z - 167*z. Is z a composite number?
True
Suppose 3*t + 9 + 3 = 0. Is ((-3790)/t + 3)/((-4)/(-8)) composite?
False
Let y be (18/3)/(-2) + 371. Let h = -75 + y. Is h prime?
True
Let t(u) be the third derivative of u**6/120 + u**5/30 - u**4/6 - 3*u**2. Let s be t(-3). Let f = s - -3. Is f a prime number?
False
Suppose -413*b + 228209 = -394*b. Is b a composite number?
False
Let q(u) = -4*u. Let x be q(-1). Let i be x - (-12)/8*-2. Is i/(968/322 - 3) prime?
F